 a factor of 33029932?
False
Is 89073690 a multiple of 2834?
False
Is 1866 a factor of 738011831?
False
Is 2385687 a multiple of 4?
False
Is 1742 a factor of 162978766?
False
Is 77037094 a multiple of 1628?
False
Is 296400572 a multiple of 34?
False
Is 1334966754 a multiple of 13?
False
Does 24 divide 22580424?
True
Is 9 a factor of 342624987?
True
Is 13502594 a multiple of 1141?
True
Does 10 divide 58260930?
True
Is 891909732 a multiple of 2?
True
Does 4364 divide 37975528?
True
Is 70 a factor of 171738265?
False
Does 72 divide 1479653494?
False
Does 26 divide 151898729?
False
Is 173 a factor of 4537764?
False
Is 116 a factor of 12230524?
False
Does 4068 divide 266018724?
True
Does 18 divide 200347149?
False
Is 622 a factor of 1446073550?
False
Is 7 a factor of 49811813?
False
Does 306 divide 123365124?
True
Is 5 a factor of 2575709?
False
Is 10 a factor of 14505858?
False
Is 7036272 a multiple of 1492?
True
Is 152388698 a multiple of 2217?
False
Is 7 a factor of 301586018?
False
Does 5 divide 18259651?
False
Is 1818225850 a multiple of 3430?
True
Does 3 divide 253846307?
False
Does 307 divide 20822639?
False
Is 422246196 a multiple of 35?
False
Is 12 a factor of 319797725?
False
Is 72380659 a multiple of 50?
False
Is 436 a factor of 68620202?
False
Does 267 divide 126075975?
False
Is 1653389646 a multiple of 1883?
False
Does 614 divide 182309205?
False
Is 17 a factor of 99353032?
True
Does 4 divide 116813197?
False
Is 19 a factor of 434459328?
False
Is 1462482666 a multiple of 14?
False
Is 895 a factor of 26291260?
False
Is 2963 a factor of 11680146?
True
Does 3 divide 7733857?
False
Is 13899895 a multiple of 1224?
False
Is 86 a factor of 58324274?
False
Is 28 a factor of 64239588?
True
Is 337 a factor of 315467059?
False
Is 47296379 a multiple of 13?
True
Does 30 divide 29947938?
False
Is 2 a factor of 9299361?
False
Does 25 divide 20083350?
True
Is 71148674 a multiple of 71?
True
Does 8 divide 10275390?
False
Is 2187 a factor of 603043446?
False
Is 389774843 even?
False
Is 19853755 a multiple of 5?
True
Is 49 a factor of 1919771?
True
Is 139 a factor of 2036709?
False
Is 268 a factor of 5165770216?
True
Is 4455932 a multiple of 145?
False
Does 9 divide 6770881007?
False
Does 8 divide 68944702?
False
Does 312 divide 42345463?
False
Is 105 a factor of 32484439?
False
Is 17680400 a multiple of 296?
False
Does 1811 divide 214406101?
True
Is 95113832 a multiple of 92?
True
Is 27633777 a multiple of 7?
False
Is 16 a factor of 5321721440?
True
Is 2889 a factor of 767456076?
False
Is 37 a factor of 41214757?
False
Does 4 divide 8047612?
True
Is 3236 a factor of 189283348?
True
Is 11256551 a multiple of 1365?
False
Is 1598 a factor of 396714686?
True
Does 686 divide 556802876?
True
Is 61 a factor of 220655117?
True
Is 28 a factor of 4266098?
False
Does 4 divide 9782080?
True
Does 6 divide 684669772?
False
Is 32 a factor of 243657184?
True
Does 734 divide 28284677?
False
Is 614 a factor of 135204558?
False
Is 961824198 a multiple of 3207?
True
Is 9347890 a multiple of 194?
True
Is 22311754 a multiple of 10?
False
Does 29 divide 10118270?
False
Is 1722 a factor of 15046836?
True
Does 271 divide 5881440?
False
Is 7062250 a multiple of 130?
True
Is 9299527 a multiple of 10?
False
Is 56583753 a multiple of 45?
False
Is 1482124212 a multiple of 777?
False
Is 13 a factor of 267105735?
True
Is 2515576 a multiple of 133?
False
Is 82574197 a multiple of 79?
True
Is 1282852560 a multiple of 474?
True
Is 2778020676 a multiple of 284?
False
Does 21 divide 6094284?
True
Does 231 divide 26420856?
True
Is 58779650 a multiple of 186?
False
Is 239 a factor of 7772262?
False
Is 49 a factor of 58918482?
True
Does 386 divide 206905264?
True
Does 19 divide 17712085?
True
Does 3144 divide 1680412750?
False
Is 104 a factor of 105746199?
False
Is 616133240 a multiple of 164?
True
Does 9 divide 324052164?
True
Is 4269672 a multiple of 36?
True
Does 125 divide 385011750?
True
Does 12 divide 24226398?
False
Is 54 a factor of 19332?
True
Is 38378991 a multiple of 7?
True
Is 10 a factor of 20542050?
True
Does 7 divide 136118345?
False
Is 25516570 a multiple of 12?
False
Is 2777 a factor of 72791084?
False
Does 50 divide 606771215?
False
Is 39520718 a multiple of 3?
False
Does 977 divide 130672833?
False
Does 36 divide 766978094?
False
Does 27 divide 26245848?
False
Is 98517619 a multiple of 1655?
False
Is 52 a factor of 619923947?
False
Is 411889045 a multiple of 17?
False
Is 656876139 a multiple of 4?
False
Is 88 a factor of 49300944?
True
Does 90 divide 392921550?
True
Is 15 a factor of 1102006960?
False
Does 207 divide 110558907?
True
Does 658 divide 6281268?
True
Does 76 divide 12639118?
False
Is 156047287 a multiple of 5?
False
Is 3714413219 a multiple of 575?
False
Is 1788 a factor of 2420404?
False
Is 153 a factor of 8025715?
False
Does 88 divide 414366718?
False
Is 255 a factor of 2395636098?
False
Is 57997072 a multiple of 880?
False
Does 188 divide 1772848648?
True
Does 37 divide 23006577?
False
Is 107 a factor of 293435660?
False
Is 70 a factor of 317582160?
True
Is 1801470543 a multiple of 4775?
False
Is 152 a factor of 15944277?
False
Is 5608 a factor of 178726960?
True
Does 814 divide 774591195?
False
Does 2014 divide 48157637?
False
Does 8 divide 394854984?
True
Is 11985120 a multiple of 1827?
True
Is 3175175518 a multiple of 616?
False
Is 1981 a factor of 61036712?
False
Is 856 a factor of 80199496?
True
Does 36 divide 467202158?
False
Is 39 a factor of 1220438949?
False
Is 1072030 a multiple of 230?
True
Does 7479 divide 814141503?
True
Is 140331856 a multiple of 28?
True
Is 358137500 a multiple of 25?
True
Is 96361539 a multiple of 9?
False
Is 99778848 a multiple of 208?
True
Is 2114 a factor of 14704984?
True
Does 31 divide 176933058?
True
Is 322800292 a multiple of 304?
False
Does 333 divide 139068919?
False
Does 56 divide 24990336?
True
Is 1349337515 a multiple of 17?
True
Is 31 a factor of 15279497?
True
Does 641 divide 17679956?
False
Does 33 divide 999428958?
True
Does 3683 divide 3956801773?
False
Does 54 divide 1480370726?
False
Does 2615 divide 1306749495?
True
Does 10 divide 14620760?
True
Is 32 a factor of 1162871136?
True
Is 5023276012 a multiple of 52?
False
Is 11 a factor of 6382475?
True
Is 958418428 a multiple of 547?
False
Does 8 divide 70384288?
True
Does 43 divide 181909651?
True
Does 1022 divide 32644724?
True
Does 20 divide 186376960?
True
Is 1782 a factor of 178583130?
True
Is 344267732 a multiple of 27?
False
Is 3699 a factor of 165815073?
True
Is 174 a factor of 3232006326?
True
Does 4581 divide 25658181?
True
Does 122 divide 417659471?
False
Does 380 divide 12325277?
False
Does 65 divide 1539994690?
True
Is 1770236924 a multiple of 2677?
False
Does 8 divide 21548941?
False
Is 1639266861 a multiple of 33?
False
Does 59 divide 47119642?
True
Is 36 a factor of 84429559?
False
Does 8 divide 26862056?
True
Is 407 a factor of 269287480?
True
Is 17857084 a multiple of 28?
True
Does 60 divide 124533163?
False
Is 190 a factor of 17244248?
False
Is 71 a factor of 57081586?
True
Does 6 divide 297875908?
False
Is 122 a factor of 203199399?
False
Is 884 a factor of 124304001?
False
Does 11 divide 24544400?
False
Is 9923875 a multiple of 291?
False
Is 71270475 a multiple of 17?
False
Is 1704646018 a multiple of 1660?
False
Is 25 a factor of 140526864?
False
Is 1824 a factor of 1184631361?
False
Is 71917835 a multiple of 541?
True
Is 210 a factor of 304663892?
False
Is 61635259 a multiple of 489?
False
Does 15 divide 21039315?
True
Is 2809075 a multiple of 5?
True
Is 6175884 a multiple of 2013?
True
Is 8 a factor of 43391496?
True
Is 14 a factor of 163436896?
True
Is 10 a factor of 7281930?
True
Is 521075779 a multiple of 23?
False
Is 69525846 a multiple of 158?
True
Does 1315 divide 20981620?
False
Is 100137928 a multiple of 1276?
True
Is 239320852 a multiple of 205?
False
Is 11 a factor of 1865779036?
True
Does 11 divide 36654343?
True
Is 7 a factor of 1552665876?
False
Is 984 a factor of 212447568?
True
Is 255763057 a multiple of 3647?
False
Is 295 a factor of 22292560?
True
Is 73432944 a multiple of 52?
True
Does 16 divide 34077034?
False
Is 251 a factor of 51284294?
False
Is 13 a factor of 5203198143?
True
Is 9 a factor of 126024003?
True
I